 Suppose 8*m - 14*m + 3714 = 0. Let y = r + m. Is y a prime number?
False
Let t(z) = 6*z**2 + z - 4. Let p(n) = n**3 + 3*n**2 - n. Let h be p(2). Suppose c - h = -5*c. Is t(c) composite?
False
Let y(z) = 2*z**3 + z**2 + 7. Let j be y(-2). Let q(f) = -276*f - 19. Is q(j) a composite number?
False
Let j(w) = 5*w - 9. Let k be j(2). Is 7056/1 + -4 + k + 4 composite?
False
Let c(t) = t**3 + 7*t**2 + 7*t + 8. Let m be c(-6). Suppose 0 = -3*b - 6, 13*y - 10*y - b = -25. Is y + 8 - (-146)/m*3 a prime number?
False
Let j(c) = 149*c - 183. Let p = -420 - -446. Is j(p) a prime number?
True
Let r = -21 - -11. Let n(y) = -y**3 - 9*y**2 + 10*y + 5. Let b be n(r). Suppose -5*a + 74 = b*f - 16, 5*f + 3*a = 92. Is f a composite number?
False
Let c be -5*(1 + (-235)/(-25)). Is (39/c)/((-6)/(-21682))*-4 a composite number?
True
Let x be (2120/12)/((-2)/(-96)). Let r = x - 2451. Is r composite?
False
Suppose -40*l = -1519782 - 2119890 - 1907488. Is l a prime number?
True
Suppose -392918 = -24*r + 216466. Is r a prime number?
True
Let i(p) = -1128*p + 82. Let f(a) = 376*a - 27. Let v(k) = 17*f(k) + 6*i(k). Is v(-4) a composite number?
True
Suppose 2*a + 0*m = 2*m - 94, 2*m + 214 = -5*a. Let f(d) = 3*d**2 + 34*d + 109. Is f(a) a composite number?
False
Let l = -24 - -34. Let z(d) = 15*d**2 - 2*d**3 + l + 3*d**3 - 21*d - 11. Is z(-16) a composite number?
False
Let i(j) = -42*j + 1. Let h(z) = -2*z**3 + 19*z**2 + 10*z + 2. Let m be h(10). Suppose -m*n - 12 = 4*l, 5*l = -2*n - 0 - 16. Is i(l) composite?
True
Suppose -34*m = -900837 - 934721. Is m a prime number?
True
Suppose -4*d + 22 = -3*d + 2*b, -82 = -3*d - 2*b. Suppose 0 = -34*m + d*m + 32. Is m/(-6) + (-3610)/(-30) a prime number?
False
Suppose f = 25*y - 22*y + 440930, f = y + 440936. Is f a prime number?
True
Let o(m) = 108*m**2 + 75*m - 344. Is o(-57) a composite number?
True
Let j be (-9 - -5)*(-467)/2. Suppose t - j = -2657. Let g = -730 - t. Is g a prime number?
False
Suppose 35*k = 871309 + 506326. Is k composite?
True
Suppose -3*i = -3*t, 4 = -i - i + 4*t. Suppose i*m = 5*y - 2160, -4368 = 3*m + m + 2*y. Let s = 25 - m. Is s prime?
False
Let m = 105 + -101. Suppose 7*z + 3*y - 19248 = 4*z, m*z - 25659 = -5*y. Is z prime?
True
Let a(p) = 4*p + 2*p - 2*p + 8*p - 2. Is a(2) composite?
True
Suppose -4*i + 2*l = -86, 14 = 2*i + 5*l - 11. Let v be (10/7)/(i/70). Let f(h) = -h**2 + 6*h + 10. Is f(v) prime?
False
Suppose 4*h + 16 = -u + 44, -2*u + 5*h = -121. Is 18/u*-4*117516/(-18) a composite number?
True
Let a = 66 + -39. Suppose -5*y + a - 2 = 0. Suppose 3*r - 190 = -y*b, 0 = -6*r + 4*r - 2*b + 128. Is r a composite number?
True
Suppose -17*a + 205 = 35. Let t be (-5)/a*(3 - (-14)/(-2)). Suppose -t*j - p + 1 = -j, 3*j - 19 = 5*p. Is j prime?
True
Let k(x) = 417*x + 1517. Is k(33) a prime number?
False
Let t(q) = -2*q**2 - 25*q + 24. Suppose 8*d + 90 + 6 = 0. Let w be t(d). Suppose -5*j + 21 = 2*z, -3*j = -2*z - 5*j + w. Is z a composite number?
False
Is ((-171)/38 - 25660942/(-12)) + 1/(-3) composite?
False
Suppose 0 = 5*c + 4*b - 16, b + 2 = -3*c + 6. Suppose 2*a - 2*t - 1264 = c, 4*a = -t + 1236 + 1297. Is a a prime number?
False
Let t(k) = 20 - 7*k - 265*k**3 + 738*k**3 + 4*k**2 - 9*k + 30. Is t(3) a prime number?
True
Is ((-1996031464)/252)/(-14) - 5/(135/(-12)) a prime number?
True
Let s(u) = 1049777*u**2 + 146*u - 269. Is s(2) prime?
True
Let g(p) = 2*p**3 - 9*p**2 + 2*p - 6. Let v be g(4). Let w be ((v/(-3))/(-7))/((-2)/3). Is -2*w/(-7) - 83210/(-70) a composite number?
True
Let s = 21991 - 1153. Let y = -10283 + s. Is y a prime number?
False
Let x(n) = -n**2 + n + 9. Let l(b) = 3*b**2 - 26*b - 12. Let g be l(9). Let r be x(g). Is (-3681)/(-12) + (r/12)/(-1) composite?
False
Let n = 171437 + 296802. Is n prime?
True
Let d = 0 + 3. Let l be (6/16)/(d/24). Suppose 12 = -l*z, -1746 = -4*v + 2*v - 2*z. Is v a composite number?
False
Let s(v) be the third derivative of -v**7/840 - v**6/360 + 479*v**4/24 - 11*v**3/6 + 4*v**2. Let g(j) be the first derivative of s(j). Is g(0) composite?
False
Suppose 4*l = -5*q - 4502, -19*l + 14*l - 5648 = -4*q. Let g be (395 - 0)*(1 - 8). Let u = l - g. Is u composite?
False
Let g(h) = -95*h**2 - 14*h + 4. Let c be g(7). Let l = -3281 - c. Suppose -12*r = -8*r - l. Is r a prime number?
True
Let s(g) = 2 - 1223*g**2 - 1 - g**3 + 1224*g**2. Let f(t) = 17*t**3 - 7*t**2 + 3*t - 2. Let p(j) = -f(j) - 6*s(j). Is p(-5) a composite number?
True
Let i be 0 + 8 + (-39)/13. Let z be (-66)/(-8) + 2/(-8). Suppose -i*h + z*j - 6*j + 7991 = 0, 4785 = 3*h + 2*j. Is h a prime number?
True
Suppose 0 = 2*h + 2*r - 26, -h + 4*h - 3*r = 15. Suppose 8*k = -h*k + 48331. Is k prime?
True
Suppose 0 = 17*m - 4*m - 1427101. Suppose 4*j - m = -4*a + 27171, j + 4 = 0. Is a a composite number?
True
Let o(s) = -405*s**3 - 5*s**2 - 2*s + 7. Let n = 685 + -688. Is o(n) a prime number?
True
Let s = 659 + -284. Let x = s + 68. Is x composite?
False
Let b(k) = -4*k**2 + k + 2. Let g be b(-1). Let q(r) = 23*r + 7. Let l be q(g). Is (4/(1*-4))/2*l a prime number?
True
Let k(d) = -232*d**2 - 6*d + 30. Let h(n) = -232*n**2 - 6*n + 29. Let u(m) = -3*h(m) + 2*k(m). Is u(4) a composite number?
False
Let u = -4 - -4. Let x be (3 - -1)*11*(-6)/(-44). Suppose x*z = -u*z + 11922. Is z prime?
True
Let k be (-2)/14 - (-1 - 1140/42). Suppose w - 204 = -3*w. Let a = w - k. Is a a prime number?
True
Let z = -68 + 78. Suppose 392087 = z*r - 511443. Is r prime?
True
Suppose 2*j = 2*s - 8248, -2*s + 2980 + 5238 = 4*j. Suppose 7*r + 3784 = -s. Let t = 2210 + r. Is t a prime number?
False
Let f = -143472 + 223429. Is f composite?
True
Let n = 62457 - -16216. Is n prime?
False
Let v = -13147 - -185976. Is v prime?
True
Let v = 19679 + -739. Suppose v = -3*c + 4*c. Suppose 0*a - 14203 = -3*a + z, -4*a + c = -2*z. Is a composite?
False
Suppose -169*r + 207*r + 207*r - 11171755 = 0. Is r a prime number?
True
Let r = -30364 + 59153. Is r prime?
True
Suppose 2*h + 108732 = 2*v, 10*v + 7*h - 8*h - 543615 = 0. Is v a prime number?
True
Let w(z) be the first derivative of -91*z**3 + 7*z**2/2 - 3*z - 14. Let p be w(2). Is 5*4/5 - (p + -2) composite?
False
Let t(w) = w**3 + 24*w**2 + 43*w - 18. Let q be t(-22). Suppose u + 3*z - 445 = -4*u, -q*u + z + 356 = 0. Is u prime?
True
Let w(l) = 56961*l + 4. Is w(2) a prime number?
False
Let a(c) = 5*c**2 + 0*c**2 - 26*c + 17*c**3 + c**2 + 3*c**2 + 13 + 6*c. Is a(8) a composite number?
False
Suppose -79*i = -48*i - 24444151. Is i composite?
False
Suppose -2*i + 5*j + 40015 = 0, 60*i - 58*i + j - 40009 = 0. Is i prime?
False
Let z(g) be the second derivative of 2320*g**3/3 + 43*g**2/2 + 304*g. Is z(3) a composite number?
False
Let j(r) = -61*r**2 - 19*r + 8. Let q(t) = -2*t + 22. Let o be q(15). Let n be j(o). Let v = n - -8279. Is v a prime number?
False
Let y = -16 + -20. Is -4*-257*(5 + y/8) a prime number?
False
Is (596/(-10))/(626/(-170585)) a composite number?
True
Let b(c) = 32*c**2 - 27*c + 15. Let i be b(19). Let t = -6341 + i. Is t composite?
True
Suppose 0 = -0*z - 4*z + 68. Let q = -17 + z. Is 0 + q + 1 - -178 prime?
True
Let g(x) be the second derivative of 10*x**4/3 - 4*x**3/3 + 13*x**2/2 - x. Let w be 8 + (12/(-2) - (10 - (-7 - -17))). Is g(w) a composite number?
False
Let v(u) be the third derivative of -13*u**5/60 - u**4/24 + 7*u**3/6 - 10*u**2. Let b be v(-3). Let w = -18 - b. Is w prime?
True
Let h = 32 + -38. Let q be (4/(-2 + 0))/((-12)/(-126)). Is (-2150)/h + 7/q composite?
True
Let b(o) = o**2 - 31*o + 75. Let k be b(29). Suppose -k*i + 19*i - 9242 = 0. Is i a composite number?
False
Let m = -290 + 295. Suppose -5*k + 66085 = -4*z, m*z - 20260 = -4*k + 32608. Is k prime?
True
Let j = 2396027 + -533230. Is j a composite number?
False
Suppose -2*j + 4*d + 453138 = -305180, 0 = -j - d + 379159. Is j a composite number?
True
Let i be (-4735)/(-7) - (-3)/(-7). Is (0 - -298)*i/104 composite?
True
Let q = 49767 - 24906. Is q a prime number?
False
Suppose -12*y + 65813 = -145459. Is y composite?
True
Let p be (-9 + 3)*(-555)/6. Suppose -x - 319 = m, -2*x + 2*m = -x + 328. Let i = p - x. Is i prime?
True
Suppose -21 = 2*o - 31. Suppose 0 = 10*h - o*h - 1645. Is h prime?
False
Let t = -46 - -54. Is (-5)/(-20) - (-46)/t - -17533 prime?
True
Is 76093 + 4/(-3)*((-56)/(-16) - 2) prim